{"id":21,"date":"2020-03-26T15:52:51","date_gmt":"2020-03-26T14:52:51","guid":{"rendered":"https:\/\/www.biegl.at\/?page_id=21"},"modified":"2020-04-02T15:25:24","modified_gmt":"2020-04-02T13:25:24","slug":"ueber-uns-2","status":"publish","type":"page","link":"https:\/\/www.biegl.at\/?page_id=21","title":{"rendered":"\u00dcber Uns"},"content":{"rendered":"\n<div class=\"wp-block-image\"><figure class=\"aligncenter size-large is-resized\"><img loading=\"lazy\" decoding=\"async\" src=\"https:\/\/www.biegl.at\/wp-content\/uploads\/2020\/03\/Biegl_WERBUNG.png\" alt=\"\" class=\"wp-image-59\" width=\"550\" height=\"163\"\/><\/figure><\/div>\n\n\n\n<h4 class=\"wp-block-heading\">Leitbild<\/h4>\n\n\n\n<div class=\"wp-block-image\"><figure class=\"aligncenter size-large is-resized\"><img loading=\"lazy\" decoding=\"async\" src=\"https:\/\/www.biegl.at\/wp-content\/uploads\/2020\/03\/Bilder_Kamera_05062009-233-1024x768.jpg\" alt=\"\" class=\"wp-image-66\" width=\"313\" height=\"234\" srcset=\"https:\/\/www.biegl.at\/wp-content\/uploads\/2020\/03\/Bilder_Kamera_05062009-233-1024x768.jpg 1024w, https:\/\/www.biegl.at\/wp-content\/uploads\/2020\/03\/Bilder_Kamera_05062009-233-300x225.jpg 300w, https:\/\/www.biegl.at\/wp-content\/uploads\/2020\/03\/Bilder_Kamera_05062009-233-768x576.jpg 768w, https:\/\/www.biegl.at\/wp-content\/uploads\/2020\/03\/Bilder_Kamera_05062009-233-1536x1152.jpg 1536w, https:\/\/www.biegl.at\/wp-content\/uploads\/2020\/03\/Bilder_Kamera_05062009-233-2048x1536.jpg 2048w\" sizes=\"auto, (max-width: 313px) 100vw, 313px\" \/><\/figure><\/div>\n\n\n\n<p class=\"has-text-align-center has-small-font-size\">Ob Norden, S\u00fcden, Osten oder Westen, mit Biegl erntet man am Besten!<br>Seit 1959 sind wir f\u00fcr Sie als Erntespezialisten im Einsatz.<br>Zuverl\u00e4ssigkeit ist unsere St\u00e4rke!<\/p>\n\n\n\n<hr class=\"wp-block-separator is-style-wide\"\/>\n\n\n\n<div class=\"wp-block-image\"><figure class=\"alignleft size-large is-resized\"><img loading=\"lazy\" decoding=\"async\" src=\"https:\/\/www.biegl.at\/wp-content\/uploads\/2020\/03\/Drescher-015-1024x768.jpg\" alt=\"\" class=\"wp-image-67\" width=\"240\" height=\"155\"\/><\/figure><\/div>\n\n\n\n<h4 class=\"wp-block-heading\">Ernteprofis im Einsatz<\/h4>\n\n\n\n<p class=\"has-small-font-size\">Lohndrusch Biegl ist ein Familienbetrieb, der seit 2005 bereits in der zweiten Generation von Mag. Andreas Biegl gef\u00fchrt wird.<br>Wir bieten seit 1959 Lohnarbeiten der Extraklasse im Bereich der Landwirtschaft an.<br>Pers\u00f6nlicher Einsatz, Qualit\u00e4t und Service erm\u00f6glichen Ihnen einen reibungslosen Ernteablauf.<\/p>\n\n\n\n<div class=\"wp-block-image\"><figure class=\"alignright size-large is-resized\"><img loading=\"lazy\" decoding=\"async\" src=\"https:\/\/www.biegl.at\/wp-content\/uploads\/2020\/03\/Drescher-035-1024x768.jpg\" alt=\"\" class=\"wp-image-68\" width=\"240\" height=\"149\"\/><\/figure><\/div>\n\n\n\n<p class=\"has-small-font-size\"><br><br><br><br>Warum man auf uns z\u00e4hlen kann? Weil unser Unternehmen mehr ist, als nur ein Business. Jede Person in unserem Team ist einzigartig \u2013 und wir alle teilen die gleichen Werte.<br><br><\/p>\n\n\n\n<hr class=\"wp-block-separator is-style-wide\"\/>\n\n\n\n<div class=\"wp-block-image\"><figure class=\"alignleft size-large is-resized\"><img loading=\"lazy\" decoding=\"async\" src=\"https:\/\/www.biegl.at\/wp-content\/uploads\/2020\/03\/Haus_Brunn-1024x768.jpeg\" alt=\"\" class=\"wp-image-69\" width=\"240\" height=\"159\"\/><\/figure><\/div>\n\n\n\n<h4 class=\"wp-block-heading\"><br>Unsere Landwirtschaft<\/h4>\n\n\n\n<p class=\"has-small-font-size\">Auf unseren beiden Bauernh\u00f6fen in Klein G\u00f6pfritz und Brunn bewirtschaften wir ca. 40 ha Eigengrund und 20 ha gepachtete Fl\u00e4chen.<br>Seit 2005 haben wir die Stier- und Schweinemast aufgegeben und uns auf die Erzeugung von Qualit\u00e4tsgetreide spezialisiert.<br><br><\/p>\n\n\n\n<hr class=\"wp-block-separator is-style-wide\"\/>\n\n\n\n<div class=\"wp-block-image\"><figure class=\"alignright size-large is-resized\"><img loading=\"lazy\" decoding=\"async\" src=\"https:\/\/www.biegl.at\/wp-content\/uploads\/2020\/03\/Heurigen-768x1024.jpeg\" alt=\"\" class=\"wp-image-70\" width=\"240\" height=\"313\"\/><\/figure><\/div>\n\n\n\n<h4 class=\"wp-block-heading\">Der Mostheurige Biegl<\/h4>\n\n\n\n<p class=\"has-small-font-size\">Im Jahre 1999 wurde der Mostheurige als weiteres Standbein unseres Familienbetriebes er\u00f6ffnet. Mit viel Aufwand und Liebe zum Detail wurde der ehemalige Rinderstall in ein gem\u00fctliches Heurigenlokal umgebaut. Dort servierten wir Ihnen beste Waldviertler Qualit\u00e4tsprodukte, Fruchts\u00e4fte, Schn\u00e4pse und Most f\u00fcr die wir alle bereits Pr\u00e4mierungen erhalten haben.<br><br>Die Qualit\u00e4t unserer Produkte ist l\u00e4ngst weit \u00fcber die Grenzen des Waldviertels hinaus bekannt und beliebt. Nicht umsonst sagt man uns nach, ein Heuriger f\u00fcr Genie\u00dfer gewesen zu sein. Als kinderfreundlicher Betrieb boten wir f\u00fcr unsere j\u00fcngsten G\u00e4ste eine Spielecke und einen geschlossenen Innenhof mit Spielger\u00e4ten und einen Fuhrpark mit unz\u00e4hligen Trettraktormodellen an.<br><br>Seit 2007 ist unser Heurigenlokal leider geschlossen, wir freuen uns aber, wenn wir Sie wieder als unsere G\u00e4ste begr\u00fc\u00dfen k\u00f6nnen.<br>Wir werden uns rechtzeitig bei Ihnen \u00fcber diverse Medien zur\u00fcckmelden, wenn wir wieder er\u00f6ffnen..<\/p>\n","protected":false},"excerpt":{"rendered":"<p>Leitbild Ob Norden, S\u00fcden, Osten oder Westen, mit Biegl erntet man am Besten!Seit 1959 sind wir f\u00fcr Sie als Erntespezialisten im Einsatz.Zuverl\u00e4ssigkeit ist unsere St\u00e4rke! Ernteprofis im Einsatz Lohndrusch Biegl ist ein Familienbetrieb, der seit 2005 bereits in der zweiten Generation von Mag. Andreas Biegl gef\u00fchrt wird.Wir bieten seit 1959 Lohnarbeiten der Extraklasse im Bereich&hellip;&nbsp;<a href=\"https:\/\/www.biegl.at\/?page_id=21\" rel=\"bookmark\">Weiterlesen &raquo;<span class=\"screen-reader-text\">\u00dcber Uns<\/span><\/a><\/p>\n","protected":false},"author":1,"featured_media":0,"parent":0,"menu_order":0,"comment_status":"closed","ping_status":"closed","template":"","meta":{"neve_meta_sidebar":"","neve_meta_container":"","neve_meta_enable_content_width":"off","neve_meta_content_width":0,"neve_meta_title_alignment":"","neve_meta_author_avatar":"","neve_post_elements_order":"","neve_meta_disable_header":"","neve_meta_disable_footer":"","neve_meta_disable_title":"","footnotes":""},"class_list":["post-21","page","type-page","status-publish","hentry"],"_links":{"self":[{"href":"https:\/\/www.biegl.at\/index.php?rest_route=\/wp\/v2\/pages\/21","targetHints":{"allow":["GET"]}}],"collection":[{"href":"https:\/\/www.biegl.at\/index.php?rest_route=\/wp\/v2\/pages"}],"about":[{"href":"https:\/\/www.biegl.at\/index.php?rest_route=\/wp\/v2\/types\/page"}],"author":[{"embeddable":true,"href":"https:\/\/www.biegl.at\/index.php?rest_route=\/wp\/v2\/users\/1"}],"replies":[{"embeddable":true,"href":"https:\/\/www.biegl.at\/index.php?rest_route=%2Fwp%2Fv2%2Fcomments&post=21"}],"version-history":[{"count":17,"href":"https:\/\/www.biegl.at\/index.php?rest_route=\/wp\/v2\/pages\/21\/revisions"}],"predecessor-version":[{"id":274,"href":"https:\/\/www.biegl.at\/index.php?rest_route=\/wp\/v2\/pages\/21\/revisions\/274"}],"wp:attachment":[{"href":"https:\/\/www.biegl.at\/index.php?rest_route=%2Fwp%2Fv2%2Fmedia&parent=21"}],"curies":[{"name":"wp","href":"https:\/\/api.w.org\/{rel}","templated":true}]}}

Über Uns

<div class="wp-block-image"><figure class="aligncenter size-large is-resized"><img loading="lazy" decoding="async" src="https://www.biegl.at/wp-content/uploads/2020/03/Biegl_WERBUNG.png" alt="" class="wp-image-59" width="550" height="163"/></figure></div>



<h4 class="wp-block-heading">Leitbild</h4>



<div class="wp-block-image"><figure class="aligncenter size-large is-resized"><img loading="lazy" decoding="async" src="https://www.biegl.at/wp-content/uploads/2020/03/Bilder_Kamera_05062009-233-1024x768.jpg" alt="" class="wp-image-66" width="313" height="234" srcset="https://www.biegl.at/wp-content/uploads/2020/03/Bilder_Kamera_05062009-233-1024x768.jpg 1024w, https://www.biegl.at/wp-content/uploads/2020/03/Bilder_Kamera_05062009-233-300x225.jpg 300w, https://www.biegl.at/wp-content/uploads/2020/03/Bilder_Kamera_05062009-233-768x576.jpg 768w, https://www.biegl.at/wp-content/uploads/2020/03/Bilder_Kamera_05062009-233-1536x1152.jpg 1536w, https://www.biegl.at/wp-content/uploads/2020/03/Bilder_Kamera_05062009-233-2048x1536.jpg 2048w" sizes="auto, (max-width: 313px) 100vw, 313px" /></figure></div>



<p class="has-text-align-center has-small-font-size">Ob Norden, Süden, Osten oder Westen, mit Biegl erntet man am Besten!<br>Seit 1959 sind wir für Sie als Erntespezialisten im Einsatz.<br>Zuverlässigkeit ist unsere Stärke!</p>



<hr class="wp-block-separator is-style-wide"/>



<div class="wp-block-image"><figure class="alignleft size-large is-resized"><img loading="lazy" decoding="async" src="https://www.biegl.at/wp-content/uploads/2020/03/Drescher-015-1024x768.jpg" alt="" class="wp-image-67" width="240" height="155"/></figure></div>



<h4 class="wp-block-heading">Ernteprofis im Einsatz</h4>



<p class="has-small-font-size">Lohndrusch Biegl ist ein Familienbetrieb, der seit 2005 bereits in der zweiten Generation von Mag. Andreas Biegl geführt wird.<br>Wir bieten seit 1959 Lohnarbeiten der Extraklasse im Bereich der Landwirtschaft an.<br>Persönlicher Einsatz, Qualität und Service ermöglichen Ihnen einen reibungslosen Ernteablauf.</p>



<div class="wp-block-image"><figure class="alignright size-large is-resized"><img loading="lazy" decoding="async" src="https://www.biegl.at/wp-content/uploads/2020/03/Drescher-035-1024x768.jpg" alt="" class="wp-image-68" width="240" height="149"/></figure></div>



<p class="has-small-font-size"><br><br><br><br>Warum man auf uns zählen kann? Weil unser Unternehmen mehr ist, als nur ein Business. Jede Person in unserem Team ist einzigartig – und wir alle teilen die gleichen Werte.<br><br></p>



<hr class="wp-block-separator is-style-wide"/>



<div class="wp-block-image"><figure class="alignleft size-large is-resized"><img loading="lazy" decoding="async" src="https://www.biegl.at/wp-content/uploads/2020/03/Haus_Brunn-1024x768.jpeg" alt="" class="wp-image-69" width="240" height="159"/></figure></div>



<h4 class="wp-block-heading"><br>Unsere Landwirtschaft</h4>



<p class="has-small-font-size">Auf unseren beiden Bauernhöfen in Klein Göpfritz und Brunn bewirtschaften wir ca. 40 ha Eigengrund und 20 ha gepachtete Flächen.<br>Seit 2005 haben wir die Stier- und Schweinemast aufgegeben und uns auf die Erzeugung von Qualitätsgetreide spezialisiert.<br><br></p>



<hr class="wp-block-separator is-style-wide"/>



<div class="wp-block-image"><figure class="alignright size-large is-resized"><img loading="lazy" decoding="async" src="https://www.biegl.at/wp-content/uploads/2020/03/Heurigen-768x1024.jpeg" alt="" class="wp-image-70" width="240" height="313"/></figure></div>



<h4 class="wp-block-heading">Der Mostheurige Biegl</h4>



<p class="has-small-font-size">Im Jahre 1999 wurde der Mostheurige als weiteres Standbein unseres Familienbetriebes eröffnet. Mit viel Aufwand und Liebe zum Detail wurde der ehemalige Rinderstall in ein gemütliches Heurigenlokal umgebaut. Dort servierten wir Ihnen beste Waldviertler Qualitätsprodukte, Fruchtsäfte, Schnäpse und Most für die wir alle bereits Prämierungen erhalten haben.<br><br>Die Qualität unserer Produkte ist längst weit über die Grenzen des Waldviertels hinaus bekannt und beliebt. Nicht umsonst sagt man uns nach, ein Heuriger für Genießer gewesen zu sein. Als kinderfreundlicher Betrieb boten wir für unsere jüngsten Gäste eine Spielecke und einen geschlossenen Innenhof mit Spielgeräten und einen Fuhrpark mit unzähligen Trettraktormodellen an.<br><br>Seit 2007 ist unser Heurigenlokal leider geschlossen, wir freuen uns aber, wenn wir Sie wieder als unsere Gäste begrüßen können.<br>Wir werden uns rechtzeitig bei Ihnen über diverse Medien zurückmelden, wenn wir wieder eröffnen..</p>

<p>Leitbild Ob Norden, Süden, Osten oder Westen, mit Biegl erntet man am Besten!Seit 1959 sind wir für Sie als Erntespezialisten im Einsatz.Zuverlässigkeit ist unsere Stärke! Ernteprofis im Einsatz Lohndrusch Biegl ist ein Familienbetrieb, der seit 2005 bereits in der zweiten Generation von Mag. Andreas Biegl geführt wird.Wir bieten seit 1959 Lohnarbeiten der Extraklasse im Bereich&hellip;&nbsp;<a href="https://www.biegl.at/?page_id=21" rel="bookmark">Weiterlesen &raquo;<span class="screen-reader-text">Über Uns</span></a></p>
