{"id":18,"date":"2020-03-26T15:52:51","date_gmt":"2020-03-26T14:52:51","guid":{"rendered":"https:\/\/www.biegl.at\/?page_id=18"},"modified":"2020-04-01T14:57:17","modified_gmt":"2020-04-01T12:57:17","slug":"ernte-2010","status":"publish","type":"page","link":"https:\/\/www.biegl.at\/?page_id=18","title":{"rendered":"Ernte 2010"},"content":{"rendered":"\n<h4 class=\"wp-block-heading\">Meister aller Klassen<\/h4>\n\n\n\n<p class=\"has-small-font-size\">In dieser Saison waren wir mit M\u00e4hdreschern der Marke Claas Lexion, Case und Massey Ferguson unterwegs.<\/p>\n\n\n\n<div class=\"wp-block-image\"><figure class=\"aligncenter size-large is-resized\"><img loading=\"lazy\" decoding=\"async\" src=\"https:\/\/www.biegl.at\/wp-content\/uploads\/2020\/03\/dreschen_2010-413_640x480.jpg\" alt=\"\" class=\"wp-image-81\" width=\"584\" height=\"438\" srcset=\"https:\/\/www.biegl.at\/wp-content\/uploads\/2020\/03\/dreschen_2010-413_640x480.jpg 640w, https:\/\/www.biegl.at\/wp-content\/uploads\/2020\/03\/dreschen_2010-413_640x480-300x225.jpg 300w\" sizes=\"auto, (max-width: 584px) 100vw, 584px\" \/><\/figure><\/div>\n\n\n\n<figure class=\"wp-block-embed-youtube wp-block-embed is-type-video is-provider-youtube wp-embed-aspect-16-9 wp-has-aspect-ratio\"><div class=\"wp-block-embed__wrapper\">\n<div class=\"nv-iframe-embed\"><iframe loading=\"lazy\" title=\"Lohndrusch Biegl - Meister aller Klassen\" width=\"1200\" height=\"675\" src=\"https:\/\/www.youtube.com\/embed\/O8KO1qqaMJ4?start=2&#038;feature=oembed\" frameborder=\"0\" allow=\"accelerometer; autoplay; encrypted-media; gyroscope; picture-in-picture\" allowfullscreen><\/iframe><\/div>\n<\/div><\/figure>\n\n\n\n<hr class=\"wp-block-separator is-style-wide\"\/>\n\n\n\n<h4 class=\"wp-block-heading\">\u00dcberladewagen<\/h4>\n\n\n\n<p class=\"has-small-font-size\">Au\u00dferdem kam unsere neueste Anschaffung, der \u00dcberladewagen, mit vollem Erfolg das erste Mal zum Einsatz.<br>Dieser ist vor allem bei den Gro\u00dfbetrieben sehr erw\u00fcnscht, damit der M\u00e4hdrescher nicht stehen bleiben muss, um abzutanken. Das ist eine gro\u00dfe Zeitersparnis und die Gefahr, dass man mitten in der Feldl\u00e4nge aufh\u00f6ren muss, weil der Korntank zu 100% voll ist, ist auch nicht gegeben.<br>Dabei wird einfach das Drehlicht eingeschaltet, wenn der Korntank 70% erreicht hat. Somit wird der Traktorfahrer informiert, dass diese Maschine einen \u00dcberladewagen ben\u00f6tigt.<\/p>\n\n\n\n<div class=\"wp-block-image\"><figure class=\"aligncenter size-large is-resized\"><img loading=\"lazy\" decoding=\"async\" src=\"https:\/\/www.biegl.at\/wp-content\/uploads\/2020\/03\/dreschen_2010-430_640x480.jpg\" alt=\"\" class=\"wp-image-82\" width=\"496\" height=\"372\" srcset=\"https:\/\/www.biegl.at\/wp-content\/uploads\/2020\/03\/dreschen_2010-430_640x480.jpg 640w, https:\/\/www.biegl.at\/wp-content\/uploads\/2020\/03\/dreschen_2010-430_640x480-300x225.jpg 300w\" sizes=\"auto, (max-width: 496px) 100vw, 496px\" \/><\/figure><\/div>\n\n\n\n<figure class=\"wp-block-embed-youtube wp-block-embed is-type-video is-provider-youtube wp-embed-aspect-16-9 wp-has-aspect-ratio\"><div class=\"wp-block-embed__wrapper\">\n<div class=\"nv-iframe-embed\"><iframe loading=\"lazy\" title=\"Lohndrusch Biegl - Unser \u00dcberladewagen im Einsatz\" width=\"1200\" height=\"675\" src=\"https:\/\/www.youtube.com\/embed\/y9yamX6edu8?feature=oembed\" frameborder=\"0\" allow=\"accelerometer; autoplay; encrypted-media; gyroscope; picture-in-picture\" allowfullscreen><\/iframe><\/div>\n<\/div><\/figure>\n","protected":false},"excerpt":{"rendered":"<p>Meister aller Klassen In dieser Saison waren wir mit M\u00e4hdreschern der Marke Claas Lexion, Case und Massey Ferguson unterwegs. \u00dcberladewagen Au\u00dferdem kam unsere neueste Anschaffung, der \u00dcberladewagen, mit vollem Erfolg das erste Mal zum Einsatz.Dieser ist vor allem bei den Gro\u00dfbetrieben sehr erw\u00fcnscht, damit der M\u00e4hdrescher nicht stehen bleiben muss, um abzutanken. Das ist eine&hellip;&nbsp;<a href=\"https:\/\/www.biegl.at\/?page_id=18\" rel=\"bookmark\">Weiterlesen &raquo;<span class=\"screen-reader-text\">Ernte 2010<\/span><\/a><\/p>\n","protected":false},"author":1,"featured_media":0,"parent":0,"menu_order":0,"comment_status":"closed","ping_status":"closed","template":"","meta":{"neve_meta_sidebar":"","neve_meta_container":"","neve_meta_enable_content_width":"off","neve_meta_content_width":0,"neve_meta_title_alignment":"","neve_meta_author_avatar":"","neve_post_elements_order":"","neve_meta_disable_header":"","neve_meta_disable_footer":"","neve_meta_disable_title":"","footnotes":""},"class_list":["post-18","page","type-page","status-publish","hentry"],"_links":{"self":[{"href":"https:\/\/www.biegl.at\/index.php?rest_route=\/wp\/v2\/pages\/18","targetHints":{"allow":["GET"]}}],"collection":[{"href":"https:\/\/www.biegl.at\/index.php?rest_route=\/wp\/v2\/pages"}],"about":[{"href":"https:\/\/www.biegl.at\/index.php?rest_route=\/wp\/v2\/types\/page"}],"author":[{"embeddable":true,"href":"https:\/\/www.biegl.at\/index.php?rest_route=\/wp\/v2\/users\/1"}],"replies":[{"embeddable":true,"href":"https:\/\/www.biegl.at\/index.php?rest_route=%2Fwp%2Fv2%2Fcomments&post=18"}],"version-history":[{"count":5,"href":"https:\/\/www.biegl.at\/index.php?rest_route=\/wp\/v2\/pages\/18\/revisions"}],"predecessor-version":[{"id":222,"href":"https:\/\/www.biegl.at\/index.php?rest_route=\/wp\/v2\/pages\/18\/revisions\/222"}],"wp:attachment":[{"href":"https:\/\/www.biegl.at\/index.php?rest_route=%2Fwp%2Fv2%2Fmedia&parent=18"}],"curies":[{"name":"wp","href":"https:\/\/api.w.org\/{rel}","templated":true}]}}

<h4 class="wp-block-heading">Meister aller Klassen</h4>



<p class="has-small-font-size">In dieser Saison waren wir mit Mähdreschern der Marke Claas Lexion, Case und Massey Ferguson unterwegs.</p>



<div class="wp-block-image"><figure class="aligncenter size-large is-resized"><img loading="lazy" decoding="async" src="https://www.biegl.at/wp-content/uploads/2020/03/dreschen_2010-413_640x480.jpg" alt="" class="wp-image-81" width="584" height="438" srcset="https://www.biegl.at/wp-content/uploads/2020/03/dreschen_2010-413_640x480.jpg 640w, https://www.biegl.at/wp-content/uploads/2020/03/dreschen_2010-413_640x480-300x225.jpg 300w" sizes="auto, (max-width: 584px) 100vw, 584px" /></figure></div>



<figure class="wp-block-embed-youtube wp-block-embed is-type-video is-provider-youtube wp-embed-aspect-16-9 wp-has-aspect-ratio"><div class="wp-block-embed__wrapper">
<div class="nv-iframe-embed"><iframe loading="lazy" title="Lohndrusch Biegl - Meister aller Klassen" width="1200" height="675" src="https://www.youtube.com/embed/O8KO1qqaMJ4?start=2&#038;feature=oembed" frameborder="0" allow="accelerometer; autoplay; encrypted-media; gyroscope; picture-in-picture" allowfullscreen></iframe></div>
</div></figure>



<hr class="wp-block-separator is-style-wide"/>



<h4 class="wp-block-heading">Überladewagen</h4>



<p class="has-small-font-size">Außerdem kam unsere neueste Anschaffung, der Überladewagen, mit vollem Erfolg das erste Mal zum Einsatz.<br>Dieser ist vor allem bei den Großbetrieben sehr erwünscht, damit der Mähdrescher nicht stehen bleiben muss, um abzutanken. Das ist eine große Zeitersparnis und die Gefahr, dass man mitten in der Feldlänge aufhören muss, weil der Korntank zu 100% voll ist, ist auch nicht gegeben.<br>Dabei wird einfach das Drehlicht eingeschaltet, wenn der Korntank 70% erreicht hat. Somit wird der Traktorfahrer informiert, dass diese Maschine einen Überladewagen benötigt.</p>



<div class="wp-block-image"><figure class="aligncenter size-large is-resized"><img loading="lazy" decoding="async" src="https://www.biegl.at/wp-content/uploads/2020/03/dreschen_2010-430_640x480.jpg" alt="" class="wp-image-82" width="496" height="372" srcset="https://www.biegl.at/wp-content/uploads/2020/03/dreschen_2010-430_640x480.jpg 640w, https://www.biegl.at/wp-content/uploads/2020/03/dreschen_2010-430_640x480-300x225.jpg 300w" sizes="auto, (max-width: 496px) 100vw, 496px" /></figure></div>



<figure class="wp-block-embed-youtube wp-block-embed is-type-video is-provider-youtube wp-embed-aspect-16-9 wp-has-aspect-ratio"><div class="wp-block-embed__wrapper">
<div class="nv-iframe-embed"><iframe loading="lazy" title="Lohndrusch Biegl - Unser Überladewagen im Einsatz" width="1200" height="675" src="https://www.youtube.com/embed/y9yamX6edu8?feature=oembed" frameborder="0" allow="accelerometer; autoplay; encrypted-media; gyroscope; picture-in-picture" allowfullscreen></iframe></div>
</div></figure>

<p>Meister aller Klassen In dieser Saison waren wir mit Mähdreschern der Marke Claas Lexion, Case und Massey Ferguson unterwegs. Überladewagen Außerdem kam unsere neueste Anschaffung, der Überladewagen, mit vollem Erfolg das erste Mal zum Einsatz.Dieser ist vor allem bei den Großbetrieben sehr erwünscht, damit der Mähdrescher nicht stehen bleiben muss, um abzutanken. Das ist eine&hellip;&nbsp;<a href="https://www.biegl.at/?page_id=18" rel="bookmark">Weiterlesen &raquo;<span class="screen-reader-text">Ernte 2010</span></a></p>
