{"id":16,"date":"2020-03-26T15:52:51","date_gmt":"2020-03-26T14:52:51","guid":{"rendered":"https:\/\/www.biegl.at\/?page_id=16"},"modified":"2020-04-01T14:52:51","modified_gmt":"2020-04-01T12:52:51","slug":"50-jahr-feier","status":"publish","type":"page","link":"https:\/\/www.biegl.at\/?page_id=16","title":{"rendered":"50 Jahre Lohndrusch Biegl"},"content":{"rendered":"\n<p class=\"has-small-font-size\">Wir m\u00f6chten uns herzlich bei allen bedanken, die an diesem besonderen Tag und vor allem die vergangenen 50 Jahre Teil unseres Teams waren und uns immer unterst\u00fctzt haben.<br><br>Nat\u00fcrlich waren auch einige Politiker, Kunden und Gesch\u00e4ftspartner zu Besuch und haben mit uns dieses Jubil\u00e4um gefeiert.<\/p>\n\n\n\n<figure class=\"wp-block-gallery columns-2 is-cropped wp-block-gallery-1 is-layout-flex wp-block-gallery-is-layout-flex\"><ul class=\"blocks-gallery-grid\"><li class=\"blocks-gallery-item\"><figure><a href=\"https:\/\/www.biegl.at\/wp-content\/uploads\/2020\/03\/Bilder_Kamera_05062009-151-scaled.jpg\"><img loading=\"lazy\" decoding=\"async\" width=\"1024\" height=\"768\" src=\"https:\/\/www.biegl.at\/wp-content\/uploads\/2020\/03\/Bilder_Kamera_05062009-151-1024x768.jpg\" alt=\"\" data-id=\"128\" data-full-url=\"https:\/\/www.biegl.at\/wp-content\/uploads\/2020\/03\/Bilder_Kamera_05062009-151-scaled.jpg\" data-link=\"https:\/\/www.biegl.at\/?attachment_id=128\" class=\"wp-image-128\" srcset=\"https:\/\/www.biegl.at\/wp-content\/uploads\/2020\/03\/Bilder_Kamera_05062009-151-1024x768.jpg 1024w, https:\/\/www.biegl.at\/wp-content\/uploads\/2020\/03\/Bilder_Kamera_05062009-151-300x225.jpg 300w, https:\/\/www.biegl.at\/wp-content\/uploads\/2020\/03\/Bilder_Kamera_05062009-151-768x576.jpg 768w, https:\/\/www.biegl.at\/wp-content\/uploads\/2020\/03\/Bilder_Kamera_05062009-151-1536x1152.jpg 1536w, https:\/\/www.biegl.at\/wp-content\/uploads\/2020\/03\/Bilder_Kamera_05062009-151-2048x1536.jpg 2048w\" sizes=\"auto, (max-width: 1024px) 100vw, 1024px\" \/><\/a><\/figure><\/li><li class=\"blocks-gallery-item\"><figure><a href=\"https:\/\/www.biegl.at\/wp-content\/uploads\/2020\/03\/Biegl-50-020-1024x768.jpg\"><img loading=\"lazy\" decoding=\"async\" width=\"1024\" height=\"768\" src=\"https:\/\/www.biegl.at\/wp-content\/uploads\/2020\/03\/Biegl-50-020-1024x768.jpg\" alt=\"\" data-id=\"73\" data-link=\"https:\/\/www.biegl.at\/?attachment_id=73\" class=\"wp-image-73\" srcset=\"https:\/\/www.biegl.at\/wp-content\/uploads\/2020\/03\/Biegl-50-020-1024x768.jpg 1024w, https:\/\/www.biegl.at\/wp-content\/uploads\/2020\/03\/Biegl-50-020-300x225.jpg 300w, https:\/\/www.biegl.at\/wp-content\/uploads\/2020\/03\/Biegl-50-020-768x576.jpg 768w, https:\/\/www.biegl.at\/wp-content\/uploads\/2020\/03\/Biegl-50-020-1536x1152.jpg 1536w, https:\/\/www.biegl.at\/wp-content\/uploads\/2020\/03\/Biegl-50-020-2048x1536.jpg 2048w\" sizes=\"auto, (max-width: 1024px) 100vw, 1024px\" \/><\/a><\/figure><\/li><\/ul><\/figure>\n\n\n\n<p class=\"has-small-font-size\">Hier haben wir ein kurzes Video, um einen kleinen Einblick in unseren Fuhrpark von 2009 zu erm\u00f6glichen.<\/p>\n\n\n\n<figure class=\"wp-block-embed-youtube wp-block-embed is-type-video is-provider-youtube wp-embed-aspect-16-9 wp-has-aspect-ratio\"><div class=\"wp-block-embed__wrapper\">\n<div class=\"nv-iframe-embed\"><iframe loading=\"lazy\" title=\"Lohndrusch Biegl - Fuhrpark 50 Jahre Feier\" width=\"1200\" height=\"675\" src=\"https:\/\/www.youtube.com\/embed\/ivFzAJVkd_c?start=123&#038;feature=oembed\" frameborder=\"0\" allow=\"accelerometer; autoplay; encrypted-media; gyroscope; picture-in-picture\" allowfullscreen><\/iframe><\/div>\n<\/div><\/figure>\n","protected":false},"excerpt":{"rendered":"<p>Wir m\u00f6chten uns herzlich bei allen bedanken, die an diesem besonderen Tag und vor allem die vergangenen 50 Jahre Teil unseres Teams waren und uns immer unterst\u00fctzt haben. Nat\u00fcrlich waren auch einige Politiker, Kunden und Gesch\u00e4ftspartner zu Besuch und haben mit uns dieses Jubil\u00e4um gefeiert. Hier haben wir ein kurzes Video, um einen kleinen Einblick&hellip;&nbsp;<a href=\"https:\/\/www.biegl.at\/?page_id=16\" rel=\"bookmark\">Weiterlesen &raquo;<span class=\"screen-reader-text\">50 Jahre Lohndrusch Biegl<\/span><\/a><\/p>\n","protected":false},"author":1,"featured_media":0,"parent":0,"menu_order":0,"comment_status":"closed","ping_status":"closed","template":"","meta":{"neve_meta_sidebar":"","neve_meta_container":"","neve_meta_enable_content_width":"off","neve_meta_content_width":0,"neve_meta_title_alignment":"","neve_meta_author_avatar":"","neve_post_elements_order":"","neve_meta_disable_header":"","neve_meta_disable_footer":"","neve_meta_disable_title":"","footnotes":""},"class_list":["post-16","page","type-page","status-publish","hentry"],"_links":{"self":[{"href":"https:\/\/www.biegl.at\/index.php?rest_route=\/wp\/v2\/pages\/16","targetHints":{"allow":["GET"]}}],"collection":[{"href":"https:\/\/www.biegl.at\/index.php?rest_route=\/wp\/v2\/pages"}],"about":[{"href":"https:\/\/www.biegl.at\/index.php?rest_route=\/wp\/v2\/types\/page"}],"author":[{"embeddable":true,"href":"https:\/\/www.biegl.at\/index.php?rest_route=\/wp\/v2\/users\/1"}],"replies":[{"embeddable":true,"href":"https:\/\/www.biegl.at\/index.php?rest_route=%2Fwp%2Fv2%2Fcomments&post=16"}],"version-history":[{"count":10,"href":"https:\/\/www.biegl.at\/index.php?rest_route=\/wp\/v2\/pages\/16\/revisions"}],"predecessor-version":[{"id":220,"href":"https:\/\/www.biegl.at\/index.php?rest_route=\/wp\/v2\/pages\/16\/revisions\/220"}],"wp:attachment":[{"href":"https:\/\/www.biegl.at\/index.php?rest_route=%2Fwp%2Fv2%2Fmedia&parent=16"}],"curies":[{"name":"wp","href":"https:\/\/api.w.org\/{rel}","templated":true}]}}

<p class="has-small-font-size">Wir möchten uns herzlich bei allen bedanken, die an diesem besonderen Tag und vor allem die vergangenen 50 Jahre Teil unseres Teams waren und uns immer unterstützt haben.<br><br>Natürlich waren auch einige Politiker, Kunden und Geschäftspartner zu Besuch und haben mit uns dieses Jubiläum gefeiert.</p>



<figure class="wp-block-gallery columns-2 is-cropped wp-block-gallery-1 is-layout-flex wp-block-gallery-is-layout-flex"><ul class="blocks-gallery-grid"><li class="blocks-gallery-item"><figure><a href="https://www.biegl.at/wp-content/uploads/2020/03/Bilder_Kamera_05062009-151-scaled.jpg"><img loading="lazy" decoding="async" width="1024" height="768" src="https://www.biegl.at/wp-content/uploads/2020/03/Bilder_Kamera_05062009-151-1024x768.jpg" alt="" data-id="128" data-full-url="https://www.biegl.at/wp-content/uploads/2020/03/Bilder_Kamera_05062009-151-scaled.jpg" data-link="https://www.biegl.at/?attachment_id=128" class="wp-image-128" srcset="https://www.biegl.at/wp-content/uploads/2020/03/Bilder_Kamera_05062009-151-1024x768.jpg 1024w, https://www.biegl.at/wp-content/uploads/2020/03/Bilder_Kamera_05062009-151-300x225.jpg 300w, https://www.biegl.at/wp-content/uploads/2020/03/Bilder_Kamera_05062009-151-768x576.jpg 768w, https://www.biegl.at/wp-content/uploads/2020/03/Bilder_Kamera_05062009-151-1536x1152.jpg 1536w, https://www.biegl.at/wp-content/uploads/2020/03/Bilder_Kamera_05062009-151-2048x1536.jpg 2048w" sizes="auto, (max-width: 1024px) 100vw, 1024px" /></a></figure></li><li class="blocks-gallery-item"><figure><a href="https://www.biegl.at/wp-content/uploads/2020/03/Biegl-50-020-1024x768.jpg"><img loading="lazy" decoding="async" width="1024" height="768" src="https://www.biegl.at/wp-content/uploads/2020/03/Biegl-50-020-1024x768.jpg" alt="" data-id="73" data-link="https://www.biegl.at/?attachment_id=73" class="wp-image-73" srcset="https://www.biegl.at/wp-content/uploads/2020/03/Biegl-50-020-1024x768.jpg 1024w, https://www.biegl.at/wp-content/uploads/2020/03/Biegl-50-020-300x225.jpg 300w, https://www.biegl.at/wp-content/uploads/2020/03/Biegl-50-020-768x576.jpg 768w, https://www.biegl.at/wp-content/uploads/2020/03/Biegl-50-020-1536x1152.jpg 1536w, https://www.biegl.at/wp-content/uploads/2020/03/Biegl-50-020-2048x1536.jpg 2048w" sizes="auto, (max-width: 1024px) 100vw, 1024px" /></a></figure></li></ul></figure>



<p class="has-small-font-size">Hier haben wir ein kurzes Video, um einen kleinen Einblick in unseren Fuhrpark von 2009 zu ermöglichen.</p>



<figure class="wp-block-embed-youtube wp-block-embed is-type-video is-provider-youtube wp-embed-aspect-16-9 wp-has-aspect-ratio"><div class="wp-block-embed__wrapper">
<div class="nv-iframe-embed"><iframe loading="lazy" title="Lohndrusch Biegl - Fuhrpark 50 Jahre Feier" width="1200" height="675" src="https://www.youtube.com/embed/ivFzAJVkd_c?start=123&#038;feature=oembed" frameborder="0" allow="accelerometer; autoplay; encrypted-media; gyroscope; picture-in-picture" allowfullscreen></iframe></div>
</div></figure>

<p>Wir möchten uns herzlich bei allen bedanken, die an diesem besonderen Tag und vor allem die vergangenen 50 Jahre Teil unseres Teams waren und uns immer unterstützt haben. Natürlich waren auch einige Politiker, Kunden und Geschäftspartner zu Besuch und haben mit uns dieses Jubiläum gefeiert. Hier haben wir ein kurzes Video, um einen kleinen Einblick&hellip;&nbsp;<a href="https://www.biegl.at/?page_id=16" rel="bookmark">Weiterlesen &raquo;<span class="screen-reader-text">50 Jahre Lohndrusch Biegl</span></a></p>
