{"id":13,"date":"2020-03-26T15:52:51","date_gmt":"2020-03-26T14:52:51","guid":{"rendered":"https:\/\/www.biegl.at\/?page_id=13"},"modified":"2020-07-27T10:43:04","modified_gmt":"2020-07-27T08:43:04","slug":"maschinenvermietung","status":"publish","type":"page","link":"https:\/\/www.biegl.at\/?page_id=13","title":{"rendered":"Maschinenvermietung"},"content":{"rendered":"\n<div class=\"wp-block-image\"><figure class=\"aligncenter size-large is-resized\"><img loading=\"lazy\" decoding=\"async\" src=\"https:\/\/www.biegl.at\/wp-content\/uploads\/2020\/03\/Biegl_WERBUNG.png\" alt=\"\" class=\"wp-image-59\" width=\"550\" height=\"186\"\/><\/figure><\/div>\n\n\n\n<p class=\"has-small-font-size\">Unsere Maschinen sind nat\u00fcrlich auch auf Anfrage zu mieten, um m\u00f6gliche Arbeitsspitzen zu \u00fcberbr\u00fccken.<br>Beispiele f\u00fcr unsere zurzeit mietbaren Maschinen finden Sie in dieser anschlie\u00dfenden Fotogalerie.<br>F\u00fcr n\u00e4here Ausk\u00fcnfte nehmen Sie bitte Kontakt mit uns auf.<\/p>\n\n\n\n<figure class=\"wp-block-gallery columns-4 is-cropped wp-block-gallery-1 is-layout-flex wp-block-gallery-is-layout-flex\"><ul class=\"blocks-gallery-grid\"><li class=\"blocks-gallery-item\"><figure><a href=\"https:\/\/www.biegl.at\/wp-content\/uploads\/2020\/04\/Stitch_geradlinig-scaled.jpg\"><img loading=\"lazy\" decoding=\"async\" width=\"1024\" height=\"380\" src=\"https:\/\/www.biegl.at\/wp-content\/uploads\/2020\/04\/Stitch_geradlinig-1024x380.jpg\" alt=\"\" data-id=\"311\" data-full-url=\"https:\/\/www.biegl.at\/wp-content\/uploads\/2020\/04\/Stitch_geradlinig-scaled.jpg\" data-link=\"https:\/\/www.biegl.at\/?attachment_id=311\" class=\"wp-image-311\" srcset=\"https:\/\/www.biegl.at\/wp-content\/uploads\/2020\/04\/Stitch_geradlinig-1024x380.jpg 1024w, https:\/\/www.biegl.at\/wp-content\/uploads\/2020\/04\/Stitch_geradlinig-300x111.jpg 300w, https:\/\/www.biegl.at\/wp-content\/uploads\/2020\/04\/Stitch_geradlinig-768x285.jpg 768w, https:\/\/www.biegl.at\/wp-content\/uploads\/2020\/04\/Stitch_geradlinig-1536x570.jpg 1536w, https:\/\/www.biegl.at\/wp-content\/uploads\/2020\/04\/Stitch_geradlinig-2048x760.jpg 2048w\" sizes=\"auto, (max-width: 1024px) 100vw, 1024px\" \/><\/a><figcaption class=\"blocks-gallery-item__caption\">Mieten Sie sich eine Maschine aus unserem M\u00e4hdrescher Fuhrpark<\/figcaption><\/figure><\/li><li class=\"blocks-gallery-item\"><figure><a href=\"https:\/\/www.biegl.at\/wp-content\/uploads\/2020\/03\/mietfotos_14.jpg\"><img loading=\"lazy\" decoding=\"async\" width=\"640\" height=\"480\" src=\"https:\/\/www.biegl.at\/wp-content\/uploads\/2020\/03\/mietfotos_14.jpg\" alt=\"\" data-id=\"91\" data-full-url=\"https:\/\/www.biegl.at\/wp-content\/uploads\/2020\/03\/mietfotos_14.jpg\" data-link=\"https:\/\/www.biegl.at\/?attachment_id=91\" class=\"wp-image-91\" srcset=\"https:\/\/www.biegl.at\/wp-content\/uploads\/2020\/03\/mietfotos_14.jpg 640w, https:\/\/www.biegl.at\/wp-content\/uploads\/2020\/03\/mietfotos_14-300x225.jpg 300w\" sizes=\"auto, (max-width: 640px) 100vw, 640px\" \/><\/a><figcaption class=\"blocks-gallery-item__caption\">Frontpacker, Scheibenegge und S\u00e4maschine Kombination<\/figcaption><\/figure><\/li><li class=\"blocks-gallery-item\"><figure><a href=\"https:\/\/www.biegl.at\/wp-content\/uploads\/2020\/03\/mietfotos_19.jpg\"><img loading=\"lazy\" decoding=\"async\" width=\"640\" height=\"480\" src=\"https:\/\/www.biegl.at\/wp-content\/uploads\/2020\/03\/mietfotos_19.jpg\" alt=\"\" data-id=\"92\" data-full-url=\"https:\/\/www.biegl.at\/wp-content\/uploads\/2020\/03\/mietfotos_19.jpg\" data-link=\"https:\/\/www.biegl.at\/?attachment_id=92\" class=\"wp-image-92\" srcset=\"https:\/\/www.biegl.at\/wp-content\/uploads\/2020\/03\/mietfotos_19.jpg 640w, https:\/\/www.biegl.at\/wp-content\/uploads\/2020\/03\/mietfotos_19-300x225.jpg 300w\" sizes=\"auto, (max-width: 640px) 100vw, 640px\" \/><\/a><figcaption class=\"blocks-gallery-item__caption\">3m Scheibenegge mit S\u00e4maschine<\/figcaption><\/figure><\/li><li class=\"blocks-gallery-item\"><figure><a href=\"https:\/\/www.biegl.at\/wp-content\/uploads\/2020\/03\/mietfotos_27.jpg\"><img loading=\"lazy\" decoding=\"async\" width=\"360\" height=\"480\" src=\"https:\/\/www.biegl.at\/wp-content\/uploads\/2020\/03\/mietfotos_27.jpg\" alt=\"\" data-id=\"96\" data-full-url=\"https:\/\/www.biegl.at\/wp-content\/uploads\/2020\/03\/mietfotos_27.jpg\" data-link=\"https:\/\/www.biegl.at\/?attachment_id=96\" class=\"wp-image-96\" srcset=\"https:\/\/www.biegl.at\/wp-content\/uploads\/2020\/03\/mietfotos_27.jpg 360w, https:\/\/www.biegl.at\/wp-content\/uploads\/2020\/03\/mietfotos_27-225x300.jpg 225w\" sizes=\"auto, (max-width: 360px) 100vw, 360px\" \/><\/a><figcaption class=\"blocks-gallery-item__caption\">5m Ackerschleppe<\/figcaption><\/figure><\/li><li class=\"blocks-gallery-item\"><figure><a href=\"https:\/\/www.biegl.at\/wp-content\/uploads\/2020\/04\/IMG_20200403_154229-scaled.jpg\"><img loading=\"lazy\" decoding=\"async\" width=\"768\" height=\"1024\" src=\"https:\/\/www.biegl.at\/wp-content\/uploads\/2020\/04\/IMG_20200403_154229-768x1024.jpg\" alt=\"\" data-id=\"278\" data-full-url=\"https:\/\/www.biegl.at\/wp-content\/uploads\/2020\/04\/IMG_20200403_154229-scaled.jpg\" data-link=\"https:\/\/www.biegl.at\/?attachment_id=278\" class=\"wp-image-278\" srcset=\"https:\/\/www.biegl.at\/wp-content\/uploads\/2020\/04\/IMG_20200403_154229-768x1024.jpg 768w, https:\/\/www.biegl.at\/wp-content\/uploads\/2020\/04\/IMG_20200403_154229-225x300.jpg 225w, https:\/\/www.biegl.at\/wp-content\/uploads\/2020\/04\/IMG_20200403_154229-1152x1536.jpg 1152w, https:\/\/www.biegl.at\/wp-content\/uploads\/2020\/04\/IMG_20200403_154229-1536x2048.jpg 1536w, https:\/\/www.biegl.at\/wp-content\/uploads\/2020\/04\/IMG_20200403_154229-scaled.jpg 1920w\" sizes=\"auto, (max-width: 768px) 100vw, 768px\" \/><\/a><figcaption class=\"blocks-gallery-item__caption\">3m Frontmulcher<\/figcaption><\/figure><\/li><li class=\"blocks-gallery-item\"><figure><a href=\"https:\/\/www.biegl.at\/wp-content\/uploads\/2020\/03\/mietfotos_24.jpg\"><img loading=\"lazy\" decoding=\"async\" width=\"640\" height=\"480\" src=\"https:\/\/www.biegl.at\/wp-content\/uploads\/2020\/03\/mietfotos_24.jpg\" alt=\"\" data-id=\"94\" data-full-url=\"https:\/\/www.biegl.at\/wp-content\/uploads\/2020\/03\/mietfotos_24.jpg\" data-link=\"https:\/\/www.biegl.at\/?attachment_id=94\" class=\"wp-image-94\" srcset=\"https:\/\/www.biegl.at\/wp-content\/uploads\/2020\/03\/mietfotos_24.jpg 640w, https:\/\/www.biegl.at\/wp-content\/uploads\/2020\/03\/mietfotos_24-300x225.jpg 300w\" sizes=\"auto, (max-width: 640px) 100vw, 640px\" \/><\/a><figcaption class=\"blocks-gallery-item__caption\">5m Schwergrubber<\/figcaption><\/figure><\/li><li class=\"blocks-gallery-item\"><figure><a href=\"https:\/\/www.biegl.at\/wp-content\/uploads\/2020\/03\/mietfotos_28.jpg\"><img loading=\"lazy\" decoding=\"async\" width=\"640\" height=\"480\" src=\"https:\/\/www.biegl.at\/wp-content\/uploads\/2020\/03\/mietfotos_28.jpg\" alt=\"\" data-id=\"97\" data-full-url=\"https:\/\/www.biegl.at\/wp-content\/uploads\/2020\/03\/mietfotos_28.jpg\" data-link=\"https:\/\/www.biegl.at\/?attachment_id=97\" class=\"wp-image-97\" srcset=\"https:\/\/www.biegl.at\/wp-content\/uploads\/2020\/03\/mietfotos_28.jpg 640w, https:\/\/www.biegl.at\/wp-content\/uploads\/2020\/03\/mietfotos_28-300x225.jpg 300w\" sizes=\"auto, (max-width: 640px) 100vw, 640px\" \/><\/a><figcaption class=\"blocks-gallery-item__caption\">P\u00f6ttinger 5 Schar-Wendepflug<\/figcaption><\/figure><\/li><li class=\"blocks-gallery-item\"><figure><a href=\"https:\/\/www.biegl.at\/wp-content\/uploads\/2020\/03\/mietfotos_21.jpg\"><img loading=\"lazy\" decoding=\"async\" width=\"360\" height=\"480\" src=\"https:\/\/www.biegl.at\/wp-content\/uploads\/2020\/03\/mietfotos_21.jpg\" alt=\"\" data-id=\"93\" data-full-url=\"https:\/\/www.biegl.at\/wp-content\/uploads\/2020\/03\/mietfotos_21.jpg\" data-link=\"https:\/\/www.biegl.at\/?attachment_id=93\" class=\"wp-image-93\" srcset=\"https:\/\/www.biegl.at\/wp-content\/uploads\/2020\/03\/mietfotos_21.jpg 360w, https:\/\/www.biegl.at\/wp-content\/uploads\/2020\/03\/mietfotos_21-225x300.jpg 225w\" sizes=\"auto, (max-width: 360px) 100vw, 360px\" \/><\/a><figcaption class=\"blocks-gallery-item__caption\">5m Leichtgrubber<\/figcaption><\/figure><\/li><li class=\"blocks-gallery-item\"><figure><a href=\"https:\/\/www.biegl.at\/wp-content\/uploads\/2020\/04\/IMG_20200403_154202-scaled.jpg\"><img loading=\"lazy\" decoding=\"async\" width=\"1024\" height=\"768\" src=\"https:\/\/www.biegl.at\/wp-content\/uploads\/2020\/04\/IMG_20200403_154202-1024x768.jpg\" alt=\"\" data-id=\"277\" data-full-url=\"https:\/\/www.biegl.at\/wp-content\/uploads\/2020\/04\/IMG_20200403_154202-scaled.jpg\" data-link=\"https:\/\/www.biegl.at\/?attachment_id=277\" class=\"wp-image-277\" srcset=\"https:\/\/www.biegl.at\/wp-content\/uploads\/2020\/04\/IMG_20200403_154202-1024x768.jpg 1024w, https:\/\/www.biegl.at\/wp-content\/uploads\/2020\/04\/IMG_20200403_154202-300x225.jpg 300w, https:\/\/www.biegl.at\/wp-content\/uploads\/2020\/04\/IMG_20200403_154202-768x576.jpg 768w, https:\/\/www.biegl.at\/wp-content\/uploads\/2020\/04\/IMG_20200403_154202-1536x1152.jpg 1536w, https:\/\/www.biegl.at\/wp-content\/uploads\/2020\/04\/IMG_20200403_154202-2048x1536.jpg 2048w\" sizes=\"auto, (max-width: 1024px) 100vw, 1024px\" \/><\/a><figcaption class=\"blocks-gallery-item__caption\">Grubberkombination mit Traktor<\/figcaption><\/figure><\/li><li class=\"blocks-gallery-item\"><figure><a href=\"https:\/\/www.biegl.at\/wp-content\/uploads\/2020\/04\/IMG_20200403_154327-scaled.jpg\"><img loading=\"lazy\" decoding=\"async\" width=\"1024\" height=\"768\" src=\"https:\/\/www.biegl.at\/wp-content\/uploads\/2020\/04\/IMG_20200403_154327-1024x768.jpg\" alt=\"\" data-id=\"280\" data-full-url=\"https:\/\/www.biegl.at\/wp-content\/uploads\/2020\/04\/IMG_20200403_154327-scaled.jpg\" data-link=\"https:\/\/www.biegl.at\/?attachment_id=280\" class=\"wp-image-280\" srcset=\"https:\/\/www.biegl.at\/wp-content\/uploads\/2020\/04\/IMG_20200403_154327-1024x768.jpg 1024w, https:\/\/www.biegl.at\/wp-content\/uploads\/2020\/04\/IMG_20200403_154327-300x225.jpg 300w, https:\/\/www.biegl.at\/wp-content\/uploads\/2020\/04\/IMG_20200403_154327-768x576.jpg 768w, https:\/\/www.biegl.at\/wp-content\/uploads\/2020\/04\/IMG_20200403_154327-1536x1152.jpg 1536w, https:\/\/www.biegl.at\/wp-content\/uploads\/2020\/04\/IMG_20200403_154327-2048x1536.jpg 2048w\" sizes=\"auto, (max-width: 1024px) 100vw, 1024px\" \/><\/a><\/figure><\/li><li class=\"blocks-gallery-item\"><figure><a href=\"https:\/\/www.biegl.at\/wp-content\/uploads\/2020\/04\/IMG_20200403_154347-scaled.jpg\"><img loading=\"lazy\" decoding=\"async\" width=\"1024\" height=\"768\" src=\"https:\/\/www.biegl.at\/wp-content\/uploads\/2020\/04\/IMG_20200403_154347-1024x768.jpg\" alt=\"\" data-id=\"281\" data-full-url=\"https:\/\/www.biegl.at\/wp-content\/uploads\/2020\/04\/IMG_20200403_154347-scaled.jpg\" data-link=\"https:\/\/www.biegl.at\/?attachment_id=281\" class=\"wp-image-281\" srcset=\"https:\/\/www.biegl.at\/wp-content\/uploads\/2020\/04\/IMG_20200403_154347-1024x768.jpg 1024w, https:\/\/www.biegl.at\/wp-content\/uploads\/2020\/04\/IMG_20200403_154347-300x225.jpg 300w, https:\/\/www.biegl.at\/wp-content\/uploads\/2020\/04\/IMG_20200403_154347-768x576.jpg 768w, https:\/\/www.biegl.at\/wp-content\/uploads\/2020\/04\/IMG_20200403_154347-1536x1152.jpg 1536w, https:\/\/www.biegl.at\/wp-content\/uploads\/2020\/04\/IMG_20200403_154347-2048x1536.jpg 2048w\" sizes=\"auto, (max-width: 1024px) 100vw, 1024px\" \/><\/a><\/figure><\/li><li class=\"blocks-gallery-item\"><figure><a href=\"https:\/\/www.biegl.at\/wp-content\/uploads\/2020\/03\/mietfotos_26.jpg\"><img loading=\"lazy\" decoding=\"async\" width=\"640\" height=\"480\" src=\"https:\/\/www.biegl.at\/wp-content\/uploads\/2020\/03\/mietfotos_26.jpg\" alt=\"\" data-id=\"95\" data-full-url=\"https:\/\/www.biegl.at\/wp-content\/uploads\/2020\/03\/mietfotos_26.jpg\" data-link=\"https:\/\/www.biegl.at\/?attachment_id=95\" class=\"wp-image-95\" srcset=\"https:\/\/www.biegl.at\/wp-content\/uploads\/2020\/03\/mietfotos_26.jpg 640w, https:\/\/www.biegl.at\/wp-content\/uploads\/2020\/03\/mietfotos_26-300x225.jpg 300w\" sizes=\"auto, (max-width: 640px) 100vw, 640px\" \/><\/a><figcaption class=\"blocks-gallery-item__caption\">5m Saatbeetkombination<\/figcaption><\/figure><\/li><li class=\"blocks-gallery-item\"><figure><a href=\"https:\/\/www.biegl.at\/wp-content\/uploads\/2020\/04\/IMG_20200409_113721-scaled.jpg\"><img loading=\"lazy\" decoding=\"async\" width=\"1024\" height=\"768\" src=\"https:\/\/www.biegl.at\/wp-content\/uploads\/2020\/04\/IMG_20200409_113721-1024x768.jpg\" alt=\"\" data-id=\"283\" data-full-url=\"https:\/\/www.biegl.at\/wp-content\/uploads\/2020\/04\/IMG_20200409_113721-scaled.jpg\" data-link=\"https:\/\/www.biegl.at\/?attachment_id=283\" class=\"wp-image-283\" srcset=\"https:\/\/www.biegl.at\/wp-content\/uploads\/2020\/04\/IMG_20200409_113721-1024x768.jpg 1024w, https:\/\/www.biegl.at\/wp-content\/uploads\/2020\/04\/IMG_20200409_113721-300x225.jpg 300w, https:\/\/www.biegl.at\/wp-content\/uploads\/2020\/04\/IMG_20200409_113721-768x576.jpg 768w, https:\/\/www.biegl.at\/wp-content\/uploads\/2020\/04\/IMG_20200409_113721-1536x1152.jpg 1536w, https:\/\/www.biegl.at\/wp-content\/uploads\/2020\/04\/IMG_20200409_113721-2048x1536.jpg 2048w\" sizes=\"auto, (max-width: 1024px) 100vw, 1024px\" \/><\/a><figcaption class=\"blocks-gallery-item__caption\">5m Saatbeetkombination mit Traktor<\/figcaption><\/figure><\/li><li class=\"blocks-gallery-item\"><figure><a href=\"https:\/\/www.biegl.at\/wp-content\/uploads\/2020\/04\/IMG_20200409_113830-scaled.jpg\"><img loading=\"lazy\" decoding=\"async\" width=\"1024\" height=\"768\" src=\"https:\/\/www.biegl.at\/wp-content\/uploads\/2020\/04\/IMG_20200409_113830-1024x768.jpg\" alt=\"\" data-id=\"286\" data-full-url=\"https:\/\/www.biegl.at\/wp-content\/uploads\/2020\/04\/IMG_20200409_113830-scaled.jpg\" data-link=\"https:\/\/www.biegl.at\/?attachment_id=286\" class=\"wp-image-286\" srcset=\"https:\/\/www.biegl.at\/wp-content\/uploads\/2020\/04\/IMG_20200409_113830-1024x768.jpg 1024w, https:\/\/www.biegl.at\/wp-content\/uploads\/2020\/04\/IMG_20200409_113830-300x225.jpg 300w, https:\/\/www.biegl.at\/wp-content\/uploads\/2020\/04\/IMG_20200409_113830-768x576.jpg 768w, https:\/\/www.biegl.at\/wp-content\/uploads\/2020\/04\/IMG_20200409_113830-1536x1152.jpg 1536w, https:\/\/www.biegl.at\/wp-content\/uploads\/2020\/04\/IMG_20200409_113830-2048x1536.jpg 2048w\" sizes=\"auto, (max-width: 1024px) 100vw, 1024px\" \/><\/a><figcaption class=\"blocks-gallery-item__caption\">Massey Ferguson 7495 mit 200 PS<\/figcaption><\/figure><\/li><li class=\"blocks-gallery-item\"><figure><a href=\"https:\/\/www.biegl.at\/wp-content\/uploads\/2020\/04\/IMG_20200409_114023-scaled.jpg\"><img loading=\"lazy\" decoding=\"async\" width=\"1024\" height=\"768\" src=\"https:\/\/www.biegl.at\/wp-content\/uploads\/2020\/04\/IMG_20200409_114023-1024x768.jpg\" alt=\"\" data-id=\"288\" data-full-url=\"https:\/\/www.biegl.at\/wp-content\/uploads\/2020\/04\/IMG_20200409_114023-scaled.jpg\" data-link=\"https:\/\/www.biegl.at\/?attachment_id=288\" class=\"wp-image-288\" srcset=\"https:\/\/www.biegl.at\/wp-content\/uploads\/2020\/04\/IMG_20200409_114023-1024x768.jpg 1024w, https:\/\/www.biegl.at\/wp-content\/uploads\/2020\/04\/IMG_20200409_114023-300x225.jpg 300w, https:\/\/www.biegl.at\/wp-content\/uploads\/2020\/04\/IMG_20200409_114023-768x576.jpg 768w, https:\/\/www.biegl.at\/wp-content\/uploads\/2020\/04\/IMG_20200409_114023-1536x1152.jpg 1536w, https:\/\/www.biegl.at\/wp-content\/uploads\/2020\/04\/IMG_20200409_114023-2048x1536.jpg 2048w\" sizes=\"auto, (max-width: 1024px) 100vw, 1024px\" \/><\/a><\/figure><\/li><\/ul><\/figure>\n","protected":false},"excerpt":{"rendered":"<p>Unsere Maschinen sind nat\u00fcrlich auch auf Anfrage zu mieten, um m\u00f6gliche Arbeitsspitzen zu \u00fcberbr\u00fccken.Beispiele f\u00fcr unsere zurzeit mietbaren Maschinen finden Sie in dieser anschlie\u00dfenden Fotogalerie.F\u00fcr n\u00e4here Ausk\u00fcnfte nehmen Sie bitte Kontakt mit uns auf.<\/p>\n","protected":false},"author":1,"featured_media":0,"parent":0,"menu_order":0,"comment_status":"closed","ping_status":"closed","template":"","meta":{"neve_meta_sidebar":"","neve_meta_container":"","neve_meta_enable_content_width":"on","neve_meta_content_width":0,"neve_meta_title_alignment":"","neve_meta_author_avatar":"","neve_post_elements_order":"","neve_meta_disable_header":"","neve_meta_disable_footer":"","neve_meta_disable_title":"","footnotes":""},"class_list":["post-13","page","type-page","status-publish","hentry"],"_links":{"self":[{"href":"https:\/\/www.biegl.at\/index.php?rest_route=\/wp\/v2\/pages\/13","targetHints":{"allow":["GET"]}}],"collection":[{"href":"https:\/\/www.biegl.at\/index.php?rest_route=\/wp\/v2\/pages"}],"about":[{"href":"https:\/\/www.biegl.at\/index.php?rest_route=\/wp\/v2\/types\/page"}],"author":[{"embeddable":true,"href":"https:\/\/www.biegl.at\/index.php?rest_route=\/wp\/v2\/users\/1"}],"replies":[{"embeddable":true,"href":"https:\/\/www.biegl.at\/index.php?rest_route=%2Fwp%2Fv2%2Fcomments&post=13"}],"version-history":[{"count":19,"href":"https:\/\/www.biegl.at\/index.php?rest_route=\/wp\/v2\/pages\/13\/revisions"}],"predecessor-version":[{"id":329,"href":"https:\/\/www.biegl.at\/index.php?rest_route=\/wp\/v2\/pages\/13\/revisions\/329"}],"wp:attachment":[{"href":"https:\/\/www.biegl.at\/index.php?rest_route=%2Fwp%2Fv2%2Fmedia&parent=13"}],"curies":[{"name":"wp","href":"https:\/\/api.w.org\/{rel}","templated":true}]}}