{"id":12,"date":"2020-03-26T15:52:51","date_gmt":"2020-03-26T14:52:51","guid":{"rendered":"https:\/\/www.biegl.at\/?page_id=12"},"modified":"2020-11-24T20:09:05","modified_gmt":"2020-11-24T19:09:05","slug":"news","status":"publish","type":"page","link":"https:\/\/www.biegl.at\/?page_id=12","title":{"rendered":"News"},"content":{"rendered":"\n<div class=\"wp-block-image\"><figure class=\"aligncenter size-large is-resized\"><img loading=\"lazy\" decoding=\"async\" src=\"https:\/\/www.biegl.at\/wp-content\/uploads\/2020\/03\/Biegl_WERBUNG.png\" alt=\"\" class=\"wp-image-59\" width=\"550\" height=\"210\"\/><\/figure><\/div>\n\n\n\n<h3 class=\"wp-block-heading\">Aktuelles<\/h3>\n\n\n\n<div class=\"wp-block-image\"><figure class=\"alignright size-large is-resized\"><img loading=\"lazy\" decoding=\"async\" src=\"https:\/\/www.biegl.at\/wp-content\/uploads\/2020\/11\/IMG-20200721-WA0004-edited-768x1024.jpg\" alt=\"\" class=\"wp-image-407\" width=\"251\" height=\"334\" srcset=\"https:\/\/www.biegl.at\/wp-content\/uploads\/2020\/11\/IMG-20200721-WA0004-edited-768x1024.jpg 768w, https:\/\/www.biegl.at\/wp-content\/uploads\/2020\/11\/IMG-20200721-WA0004-edited-225x300.jpg 225w, https:\/\/www.biegl.at\/wp-content\/uploads\/2020\/11\/IMG-20200721-WA0004-edited.jpg 956w\" sizes=\"auto, (max-width: 251px) 100vw, 251px\" \/><\/figure><\/div>\n\n\n\n<p class=\"has-text-align-center\">Leider mussten wir uns am Freitag, dem 13. November 2020 schweren Herzens, endg\u00fcltig von einem hervorragenden und langj\u00e4hrigen Mitarbeiter verabschieden.<br>Franz du wirst uns mit deiner quirrligen Art, deiner Frohnatur und deiner positiven Einstellung sehr fehlen.<br>Hoffentlich hast du es dort wo du jetzt bist sch\u00f6ner.<br>Wir werden immer an dich denken, mit einem lachendem und einem weinenden Auge, denn du hast einen Ehrenplatz in unserem Herzen.<br>Die Firma wird nicht mehr die selbe sein ohne dich!<\/p>\n\n\n\n<div class=\"wp-block-group\"><div class=\"wp-block-group__inner-container is-layout-flow wp-block-group-is-layout-flow\">\n<div class=\"wp-block-group\"><div class=\"wp-block-group__inner-container is-layout-flow wp-block-group-is-layout-flow\">\n<figure class=\"wp-block-image size-large is-resized\"><img loading=\"lazy\" decoding=\"async\" src=\"https:\/\/www.biegl.at\/wp-content\/uploads\/2020\/11\/IMG_20181109_234350-1024x768.jpg\" alt=\"\" class=\"wp-image-410\" width=\"413\" height=\"310\" srcset=\"https:\/\/www.biegl.at\/wp-content\/uploads\/2020\/11\/IMG_20181109_234350-1024x768.jpg 1024w, https:\/\/www.biegl.at\/wp-content\/uploads\/2020\/11\/IMG_20181109_234350-300x225.jpg 300w, https:\/\/www.biegl.at\/wp-content\/uploads\/2020\/11\/IMG_20181109_234350-768x576.jpg 768w, https:\/\/www.biegl.at\/wp-content\/uploads\/2020\/11\/IMG_20181109_234350-1536x1152.jpg 1536w, https:\/\/www.biegl.at\/wp-content\/uploads\/2020\/11\/IMG_20181109_234350-2048x1536.jpg 2048w\" sizes=\"auto, (max-width: 413px) 100vw, 413px\" \/><\/figure>\n<\/div><\/div>\n<\/div><\/div>\n\n\n\n<hr class=\"wp-block-separator is-style-wide\"\/>\n\n\n\n<p><strong>60 Jahre Lohndrusch Biegl<\/strong><\/p>\n\n\n\n<p class=\"has-text-align-center has-small-font-size\">Da unser Unternehmen schon seit 1959 existiert, feierten wir im Jahr 2019 unser 60-j\u00e4hriges Jubil\u00e4um.<\/p>\n\n\n\n<div class=\"wp-block-image\"><figure class=\"aligncenter size-large is-resized\"><img loading=\"lazy\" decoding=\"async\" src=\"https:\/\/www.biegl.at\/wp-content\/uploads\/2020\/03\/Banner-1024x524.png\" alt=\"\" class=\"wp-image-63\" width=\"491\" height=\"250\" srcset=\"https:\/\/www.biegl.at\/wp-content\/uploads\/2020\/03\/Banner-1024x524.png 1024w, https:\/\/www.biegl.at\/wp-content\/uploads\/2020\/03\/Banner-300x154.png 300w, https:\/\/www.biegl.at\/wp-content\/uploads\/2020\/03\/Banner-768x393.png 768w, https:\/\/www.biegl.at\/wp-content\/uploads\/2020\/03\/Banner-1536x786.png 1536w, https:\/\/www.biegl.at\/wp-content\/uploads\/2020\/03\/Banner-2048x1048.png 2048w\" sizes=\"auto, (max-width: 491px) 100vw, 491px\" \/><\/figure><\/div>\n\n\n\n<p class=\"has-small-font-size\">Jeder f\u00e4ngt mal klein an &#8211; so wie wir. Aus einer gemeinsamen Vision haben wir zusammen Schritt f\u00fcr Schritt etwas Gro\u00dfes gemacht. Darauf sind wir stolz.<br>Wir m\u00f6chten uns in diesem Sinne ganz herzlich bei unseren Kunden und Mitarbeitern bedanken, die im Laufe der Zeit dazu beigetragen haben, unsere Firma zu einem der marktf\u00fchrendsten Unternehmen im landwirtschaftlichen Dienstleistungsbereich zu positionieren.<\/p>\n\n\n\n<hr class=\"wp-block-separator is-style-wide\"\/>\n\n\n\n<h4 class=\"wp-block-heading\">Gebrauchtmaschinen<\/h4>\n\n\n\n<p class=\"has-small-font-size\">Unsere Gebrauchtmaschinen f\u00fcr den Verkauf k\u00f6nnen jetzt auch unter <a rel=\"noreferrer noopener\" href=\"https:\/\/www.landwirt.com\/gebrauchte\/haendler,6900,Biegl-Andreas-Lohnunternehmer.html\" target=\"_blank\">www.landwirt.com<\/a> abgerufen werden.<br>Diese sind immer w\u00e4hrend der Wintermonate in Hallen untergebracht, werden gepflegt und gewartet, damit sie im darauffolgenden Jahr wieder einsatzbereit sind.<\/p>\n","protected":false},"excerpt":{"rendered":"<p>Aktuelles Leider mussten wir uns am Freitag, dem 13. November 2020 schweren Herzens, endg\u00fcltig von einem hervorragenden und langj\u00e4hrigen Mitarbeiter verabschieden.Franz du wirst uns mit deiner quirrligen Art, deiner Frohnatur und deiner positiven Einstellung sehr fehlen.Hoffentlich hast du es dort wo du jetzt bist sch\u00f6ner.Wir werden immer an dich denken, mit einem lachendem und einem&hellip;&nbsp;<a href=\"https:\/\/www.biegl.at\/?page_id=12\" rel=\"bookmark\">Weiterlesen &raquo;<span class=\"screen-reader-text\">News<\/span><\/a><\/p>\n","protected":false},"author":1,"featured_media":0,"parent":0,"menu_order":0,"comment_status":"closed","ping_status":"closed","template":"","meta":{"neve_meta_sidebar":"","neve_meta_container":"","neve_meta_enable_content_width":"off","neve_meta_content_width":0,"neve_meta_title_alignment":"","neve_meta_author_avatar":"","neve_post_elements_order":"","neve_meta_disable_header":"","neve_meta_disable_footer":"","neve_meta_disable_title":"","footnotes":""},"class_list":["post-12","page","type-page","status-publish","hentry"],"_links":{"self":[{"href":"https:\/\/www.biegl.at\/index.php?rest_route=\/wp\/v2\/pages\/12","targetHints":{"allow":["GET"]}}],"collection":[{"href":"https:\/\/www.biegl.at\/index.php?rest_route=\/wp\/v2\/pages"}],"about":[{"href":"https:\/\/www.biegl.at\/index.php?rest_route=\/wp\/v2\/types\/page"}],"author":[{"embeddable":true,"href":"https:\/\/www.biegl.at\/index.php?rest_route=\/wp\/v2\/users\/1"}],"replies":[{"embeddable":true,"href":"https:\/\/www.biegl.at\/index.php?rest_route=%2Fwp%2Fv2%2Fcomments&post=12"}],"version-history":[{"count":12,"href":"https:\/\/www.biegl.at\/index.php?rest_route=\/wp\/v2\/pages\/12\/revisions"}],"predecessor-version":[{"id":412,"href":"https:\/\/www.biegl.at\/index.php?rest_route=\/wp\/v2\/pages\/12\/revisions\/412"}],"wp:attachment":[{"href":"https:\/\/www.biegl.at\/index.php?rest_route=%2Fwp%2Fv2%2Fmedia&parent=12"}],"curies":[{"name":"wp","href":"https:\/\/api.w.org\/{rel}","templated":true}]}}

<div class="wp-block-image"><figure class="aligncenter size-large is-resized"><img loading="lazy" decoding="async" src="https://www.biegl.at/wp-content/uploads/2020/03/Biegl_WERBUNG.png" alt="" class="wp-image-59" width="550" height="210"/></figure></div>



<h3 class="wp-block-heading">Aktuelles</h3>



<div class="wp-block-image"><figure class="alignright size-large is-resized"><img loading="lazy" decoding="async" src="https://www.biegl.at/wp-content/uploads/2020/11/IMG-20200721-WA0004-edited-768x1024.jpg" alt="" class="wp-image-407" width="251" height="334" srcset="https://www.biegl.at/wp-content/uploads/2020/11/IMG-20200721-WA0004-edited-768x1024.jpg 768w, https://www.biegl.at/wp-content/uploads/2020/11/IMG-20200721-WA0004-edited-225x300.jpg 225w, https://www.biegl.at/wp-content/uploads/2020/11/IMG-20200721-WA0004-edited.jpg 956w" sizes="auto, (max-width: 251px) 100vw, 251px" /></figure></div>



<p class="has-text-align-center">Leider mussten wir uns am Freitag, dem 13. November 2020 schweren Herzens, endgültig von einem hervorragenden und langjährigen Mitarbeiter verabschieden.<br>Franz du wirst uns mit deiner quirrligen Art, deiner Frohnatur und deiner positiven Einstellung sehr fehlen.<br>Hoffentlich hast du es dort wo du jetzt bist schöner.<br>Wir werden immer an dich denken, mit einem lachendem und einem weinenden Auge, denn du hast einen Ehrenplatz in unserem Herzen.<br>Die Firma wird nicht mehr die selbe sein ohne dich!</p>



<div class="wp-block-group"><div class="wp-block-group__inner-container is-layout-flow wp-block-group-is-layout-flow">
<div class="wp-block-group"><div class="wp-block-group__inner-container is-layout-flow wp-block-group-is-layout-flow">
<figure class="wp-block-image size-large is-resized"><img loading="lazy" decoding="async" src="https://www.biegl.at/wp-content/uploads/2020/11/IMG_20181109_234350-1024x768.jpg" alt="" class="wp-image-410" width="413" height="310" srcset="https://www.biegl.at/wp-content/uploads/2020/11/IMG_20181109_234350-1024x768.jpg 1024w, https://www.biegl.at/wp-content/uploads/2020/11/IMG_20181109_234350-300x225.jpg 300w, https://www.biegl.at/wp-content/uploads/2020/11/IMG_20181109_234350-768x576.jpg 768w, https://www.biegl.at/wp-content/uploads/2020/11/IMG_20181109_234350-1536x1152.jpg 1536w, https://www.biegl.at/wp-content/uploads/2020/11/IMG_20181109_234350-2048x1536.jpg 2048w" sizes="auto, (max-width: 413px) 100vw, 413px" /></figure>
</div></div>
</div></div>



<hr class="wp-block-separator is-style-wide"/>



<p><strong>60 Jahre Lohndrusch Biegl</strong></p>



<p class="has-text-align-center has-small-font-size">Da unser Unternehmen schon seit 1959 existiert, feierten wir im Jahr 2019 unser 60-jähriges Jubiläum.</p>



<div class="wp-block-image"><figure class="aligncenter size-large is-resized"><img loading="lazy" decoding="async" src="https://www.biegl.at/wp-content/uploads/2020/03/Banner-1024x524.png" alt="" class="wp-image-63" width="491" height="250" srcset="https://www.biegl.at/wp-content/uploads/2020/03/Banner-1024x524.png 1024w, https://www.biegl.at/wp-content/uploads/2020/03/Banner-300x154.png 300w, https://www.biegl.at/wp-content/uploads/2020/03/Banner-768x393.png 768w, https://www.biegl.at/wp-content/uploads/2020/03/Banner-1536x786.png 1536w, https://www.biegl.at/wp-content/uploads/2020/03/Banner-2048x1048.png 2048w" sizes="auto, (max-width: 491px) 100vw, 491px" /></figure></div>



<p class="has-small-font-size">Jeder fängt mal klein an &#8211; so wie wir. Aus einer gemeinsamen Vision haben wir zusammen Schritt für Schritt etwas Großes gemacht. Darauf sind wir stolz.<br>Wir möchten uns in diesem Sinne ganz herzlich bei unseren Kunden und Mitarbeitern bedanken, die im Laufe der Zeit dazu beigetragen haben, unsere Firma zu einem der marktführendsten Unternehmen im landwirtschaftlichen Dienstleistungsbereich zu positionieren.</p>



<hr class="wp-block-separator is-style-wide"/>



<h4 class="wp-block-heading">Gebrauchtmaschinen</h4>



<p class="has-small-font-size">Unsere Gebrauchtmaschinen für den Verkauf können jetzt auch unter <a rel="noreferrer noopener" href="https://www.landwirt.com/gebrauchte/haendler,6900,Biegl-Andreas-Lohnunternehmer.html" target="_blank">www.landwirt.com</a> abgerufen werden.<br>Diese sind immer während der Wintermonate in Hallen untergebracht, werden gepflegt und gewartet, damit sie im darauffolgenden Jahr wieder einsatzbereit sind.</p>

<p>Aktuelles Leider mussten wir uns am Freitag, dem 13. November 2020 schweren Herzens, endgültig von einem hervorragenden und langjährigen Mitarbeiter verabschieden.Franz du wirst uns mit deiner quirrligen Art, deiner Frohnatur und deiner positiven Einstellung sehr fehlen.Hoffentlich hast du es dort wo du jetzt bist schöner.Wir werden immer an dich denken, mit einem lachendem und einem&hellip;&nbsp;<a href="https://www.biegl.at/?page_id=12" rel="bookmark">Weiterlesen &raquo;<span class="screen-reader-text">News</span></a></p>
