{"id":11,"date":"2020-03-26T15:52:51","date_gmt":"2020-03-26T14:52:51","guid":{"rendered":"https:\/\/www.biegl.at\/?page_id=11"},"modified":"2025-07-21T12:37:47","modified_gmt":"2025-07-21T10:37:47","slug":"home","status":"publish","type":"page","link":"https:\/\/www.biegl.at\/","title":{"rendered":"Home"},"content":{"rendered":"<div class=\"wp-block-image\">\n<figure class=\"aligncenter size-large is-resized\"><img loading=\"lazy\" decoding=\"async\" width=\"927\" height=\"302\" src=\"https:\/\/www.biegl.at\/wp-content\/uploads\/2020\/03\/Biegl_WERBUNG.png\" alt=\"\" class=\"wp-image-59\" style=\"width:550px\" srcset=\"https:\/\/www.biegl.at\/wp-content\/uploads\/2020\/03\/Biegl_WERBUNG.png 927w, https:\/\/www.biegl.at\/wp-content\/uploads\/2020\/03\/Biegl_WERBUNG-300x98.png 300w, https:\/\/www.biegl.at\/wp-content\/uploads\/2020\/03\/Biegl_WERBUNG-768x250.png 768w\" sizes=\"auto, (max-width: 927px) 100vw, 927px\" \/><\/figure>\n<\/div>\n\n<div class=\"wp-block-image\">\n<figure class=\"alignleft size-large is-resized\"><img loading=\"lazy\" decoding=\"async\" width=\"800\" height=\"800\" src=\"https:\/\/www.biegl.at\/wp-content\/uploads\/2020\/03\/Firmen_Logo.png\" alt=\"\" class=\"wp-image-60\" style=\"width:186px;height:186px\" srcset=\"https:\/\/www.biegl.at\/wp-content\/uploads\/2020\/03\/Firmen_Logo.png 800w, https:\/\/www.biegl.at\/wp-content\/uploads\/2020\/03\/Firmen_Logo-300x300.png 300w, https:\/\/www.biegl.at\/wp-content\/uploads\/2020\/03\/Firmen_Logo-150x150.png 150w, https:\/\/www.biegl.at\/wp-content\/uploads\/2020\/03\/Firmen_Logo-768x768.png 768w\" sizes=\"auto, (max-width: 800px) 100vw, 800px\" \/><\/figure>\n<\/div>\n\n\n<h4 class=\"wp-block-heading\">Verst\u00e4rkung gesucht!<\/h4>\n\n\n\n<p class=\"has-small-font-size\">Zur Verst\u00e4rkung unseres Teams in der Saison 2025 suchen wir Landmaschinen-Mechaniker und motivierte Fahrer f\u00fcr unseren modernen Maschinenpark.<br>Auch Praktikumspl\u00e4tze f\u00fcr Sch\u00fcler von landwirtschaftlichen Schulen werden angeboten.<br>Kontakt: 0664\/9024029<br><\/p>\n\n\n\n<hr class=\"wp-block-separator has-css-opacity is-style-wide\"\/>\n\n\n\n<h4 class=\"wp-block-heading has-text-align-center\">Spruch des Monats<\/h4>\n\n\n\n<p class=\"has-text-align-center\">\u201eAlle Tr\u00e4ume k\u00f6nnen wahr werden, <br>wenn wir den Mut haben, ihnen zu folgen.\u201c <br>\u2013 Walt Disney\u00a0<\/p>\n\n\n\n<p><\/p>\n","protected":false},"excerpt":{"rendered":"<p>Verst\u00e4rkung gesucht! Zur Verst\u00e4rkung unseres Teams in der Saison 2025 suchen wir Landmaschinen-Mechaniker und motivierte Fahrer f\u00fcr unseren modernen Maschinenpark.Auch Praktikumspl\u00e4tze f\u00fcr Sch\u00fcler von landwirtschaftlichen Schulen werden angeboten.Kontakt: 0664\/9024029 Spruch des Monats \u201eAlle Tr\u00e4ume k\u00f6nnen wahr werden, wenn wir den Mut haben, ihnen zu folgen.\u201c \u2013 Walt Disney\u00a0<\/p>\n","protected":false},"author":1,"featured_media":0,"parent":0,"menu_order":0,"comment_status":"closed","ping_status":"closed","template":"","meta":{"neve_meta_sidebar":"","neve_meta_container":"","neve_meta_enable_content_width":"off","neve_meta_content_width":70,"neve_meta_title_alignment":"","neve_meta_author_avatar":"","neve_post_elements_order":"","neve_meta_disable_header":"","neve_meta_disable_footer":"","neve_meta_disable_title":"","footnotes":""},"class_list":["post-11","page","type-page","status-publish","hentry"],"_links":{"self":[{"href":"https:\/\/www.biegl.at\/index.php?rest_route=\/wp\/v2\/pages\/11","targetHints":{"allow":["GET"]}}],"collection":[{"href":"https:\/\/www.biegl.at\/index.php?rest_route=\/wp\/v2\/pages"}],"about":[{"href":"https:\/\/www.biegl.at\/index.php?rest_route=\/wp\/v2\/types\/page"}],"author":[{"embeddable":true,"href":"https:\/\/www.biegl.at\/index.php?rest_route=\/wp\/v2\/users\/1"}],"replies":[{"embeddable":true,"href":"https:\/\/www.biegl.at\/index.php?rest_route=%2Fwp%2Fv2%2Fcomments&post=11"}],"version-history":[{"count":45,"href":"https:\/\/www.biegl.at\/index.php?rest_route=\/wp\/v2\/pages\/11\/revisions"}],"predecessor-version":[{"id":483,"href":"https:\/\/www.biegl.at\/index.php?rest_route=\/wp\/v2\/pages\/11\/revisions\/483"}],"wp:attachment":[{"href":"https:\/\/www.biegl.at\/index.php?rest_route=%2Fwp%2Fv2%2Fmedia&parent=11"}],"curies":[{"name":"wp","href":"https:\/\/api.w.org\/{rel}","templated":true}]}}